remainder when y is divided by 9?
6
Suppose 34 = -3*h + 103. What is the remainder when h is divided by 23?
0
Let w(p) = -p - 1. Let q be w(1). Let k be (-1)/(0 + q/118). Let g = k - 39. What is the remainder when 37 is divided by g?
17
Suppose -4*f + 4*p = -52, -p + 3*p = -f + 10. Let j be -7*6*(-2)/(-4). Calculate the remainder when (-6)/j + (-236)/(-7) is divided by f.
10
Suppose 0 = -7*b - 2*b. Suppose -42*w + 39*w + 30 = b. Let s(y) = y + 19. What is the remainder when s(0) is divided by w?
9
Let j(w) = -2*w**2 + 76*w - 63. What is the remainder when 36 is divided by j(37)?
3
Suppose 2*d + 110 = 4*z - z, -2*z - 2*d = -70. What is the remainder when 131 is divided by z?
23
Suppose -9 = 5*j - 2*n - 2*n, n = 1. Calculate the remainder when 81 is divided by ((-9)/(-27))/(j/(-42)).
11
Suppose 3*y = -0*y + 75. Let q = y - -16. What is the remainder when q is divided by 14?
13
Let i be (-56)/16 + (-6)/4. Let c = 0 + i. Let m = c + 28. Calculate the remainder when m is divided by 8.
7
Suppose 0 = t, -11*t = 3*c - 7*t - 24. What is the remainder when 7/2*(-12)/(-2) is divided by c?
5
Let l be 6 - 4 - (2 + 0). Suppose -4*p + 12 = -4*w - l*p, -2*p - 3 = w. Calculate the remainder when 25 is divided by (w/9)/((-4)/156).
12
Calculate the remainder when 149 is divided by 3/(-2) - (285/(-10) - -8).
16
Suppose 5*n - 5*r - 4 = 56, 9 = -3*r. Suppose -4*j - 2 = -2*j, i + j = 12. What is the remainder when i is divided by n?
4
What is the remainder when 2*(-1 + 6/(-4)) + 72 is divided by (-101)/(-3) - 2/(-6)?
33
Suppose 2*f - 5 = -c, -6*c + 17 = -5*c - f. Calculate the remainder when 192 is divided by c.
10
Suppose 0*l - l + 4*h = -4, 5*l - 58 = h. Suppose -l*z - 28 = -14*z. Let i(o) = -o**2 - 16*o - 1. What is the remainder when i(-14) is divided by z?
13
What is the remainder when (14 + -13)/((21/297)/7) is divided by 35?
29
Let s(h) = -11*h - 3. Let v = 69 + -58. Calculate the remainder when s(-4) is divided by v.
8
Suppose 254 + 82 = 3*m. Let x = m + -79. Calculate the remainder when 129 is divided by x.
30
Let s = -522 - -1203. What is the remainder when s is divided by 11?
10
Let q = 6 + -14. Let p = q + 15. Suppose -p = -5*j + 53. Calculate the remainder when j is divided by 5.
2
Suppose 18*i - 2550 = -12*i. Calculate the remainder when i is divided by 22.
19
Let p(s) = s**3 + 31*s**2 + 17. Suppose -4*a - 15 = -l - 47, -l - 25 = -3*a. What is the remainder when p(-31) is divided by a?
3
Let y(w) = 7*w**3 + w**2 - 6*w + 7. Calculate the remainder when y(3) is divided by 21.
19
Let f = -29 + 41. Let t = 23 - f. Suppose -y - 3*z - 108 = -4*y, -124 = -4*y - z. What is the remainder when y is divided by t?
10
Let m = 43 + -28. Let g be 16/7 + 6/(-21). Suppose 84 = g*p + p. Calculate the remainder when p is divided by m.
13
Calculate the remainder when 20 - 15 - (-152)/(16/4) is divided by 3/(-2)*(-44)/3.
21
Suppose 2*b - 3*o + 3 = 0, 2*b - 3*b + 4*o - 4 = 0. Suppose -5*w - 6 + 1 = b. Let z = 7 - w. Calculate the remainder when 22 is divided by z.
6
Let d(o) = -2*o**2 - 7*o + 7. Let g be d(-6). Let l = g - -26. Calculate the remainder when 5 is divided by l.
2
Suppose -2*b + 0*b + 330 = 0. What is the remainder when b is divided by 12?
9
What is the remainder when 77 is divided by (1 - 218)*(-4)/(112/4)?
15
Let f(y) = 8*y**2 + 19*y + 10. Let c be f(-9). Suppose 0 = q + 4 - 3, -3*w - 2*q = -c. What is the remainder when w is divided by 33?
31
Calculate the remainder when (-15 + 10)/((-1)/27) is divided by 34.
33
Let c = 2 - 2. Suppose c = v - 3 - 58. Calculate the remainder when v is divided by 16.
13
Let q(i) = -i**3 - 4*i**2 - 3*i + 5. Suppose 0 = -3*b + 2*s + 33, 13*b - 6*s = 10*b + 45. What is the remainder when q(-4) is divided by b?
8
Let y(w) = w**3 - 24*w**2 - 34*w + 235. Let f = 0 - 0. Suppose 0 = 3*d + 3*h - 1 - 2, f = 5*d - 3*h - 21. What is the remainder when y(25) is divided by d?
1
Suppose -l = 3*x - 114, -28 = -x + l + 2*l. Let a(w) = -w**3 - 16*w**2 + 20. Calculate the remainder when x is divided by a(-16).
17
Let y(c) = c + 23. Suppose 2*n - i - 28 = 0, 5*n = 4*i + 28 + 36. Calculate the remainder when y(n) is divided by 10.
9
Suppose 0*b = 2*b + 24. Let s = -4 - b. Let a = -44 - -73. What is the remainder when a is divided by s?
5
What is the remainder when (-108)/99*22/(-3) is divided by 3?
2
Let s = 673 - 480. What is the remainder when s is divided by 49?
46
Calculate the remainder when 111 is divided by (0 - -27) + -16 + 37 + -13.
6
Let f(q) = q**2 - 15*q - 97. What is the remainder when f(20) is divided by 3?
0
Let r = -207 + 381. What is the remainder when r is divided by 44?
42
Suppose 0 = -3*i - 0*i + 267. Let r(d) = -62*d. Let a be r(1). Let p = -32 - a. Calculate the remainder when i is divided by p.
29
Let q = 57 + 49. What is the remainder when q is divided by 27?
25
Suppose -37 = 2*h + 7. Let g = h + 64. What is the remainder when 54 is divided by ((-1)/(-3))/(1/g)?
12
Suppose -99*t + 15645 + 12966 = 0. What is the remainder when t is divided by 59?
53
Let s(f) = 11*f - 1. Let u(y) = -y + y**3 - 1 - 3 - 3*y**3 - 11*y**2 + y**3. Let d be u(-11). What is the remainder when s(d) is divided by 26?
24
Let f be (-2)/12 + (-843)/18. Let j = 30 + f. Let z = j + 25. Calculate the remainder when 13 is divided by z.
5
Suppose 0 = -6*n - 9*n + 210. Let v = 48 - 13. What is the remainder when v is divided by n?
7
Calculate the remainder when 8/(24/(-21))*-50 is divided by 39.
38
Let b(m) = 6*m. Let v = -33 - -91. What is the remainder when v is divided by b(5)?
28
Suppose -1685 = -12*x + 3463. Calculate the remainder when x is divided by 31.
26
Let w = -25 + 45. Suppose -p - 3 = -3*a, 0*p + 2*a = -3*p - w. Calculate the remainder when 24 is divided by p/(-12)*(-28)/(-1).
10
Suppose -2*z + 3*v = 6 - 12, v + 5 = z. Calculate the remainder when 152 is divided by z.
8
Let o be 378084/30 - 2/(-10). Suppose 0 = 4*l + 2*n + 23520, 4*n - o = 3*l + 5037. What is the remainder when (-2)/9 + l/(-216) is divided by 7?
6
Let j(x) = -x**3 + 7*x**2 + 5. Let m be j(5). Suppose 0 = -14*o - 0*o + 140. Let s = o + m. Calculate the remainder when s is divided by 34.
31
Let r(p) = -2*p - 7. Let z = 10 + -17. Let m = 1 - -19. Calculate the remainder when m is divided by r(z).
6
Suppose -21*m - 46*m = -654 - 1021. Let r = 111 + 13. What is the remainder when r is divided by m?
24
Let s be 41/3 - (-4)/(-6). Suppose 2*w - s - 7 = 0. Let x = 3 + 1. What is the remainder when w is divided by x?
2
Suppose 21 = -4*j + 9. Suppose -2*o = 4*h - 80 - 54, h + 2*o = 29. What is the remainder when h is divided by j*-1*(-76)/(-12)?
16
Let u(w) = 7*w + 83. Suppose m - 1 = 6. Calculate the remainder when u(-10) is divided by m.
6
Let n(j) = -12*j + 8. Suppose -3*r - 2*l = -289, -3*r + 2*l + 106 + 175 = 0. Calculate the remainder when r is divided by n(-2).
31
Let a = -52 + 69. Let r(t) = 0 + 5*t + t**2 - 1 - 3. What is the remainder when r(-9) is divided by a?
15
Suppose 2*h = 3*r + 12, -h + 12 = -3*h - 3*r. Suppose -3*j - 2*j + 25 = h. Let k(x) = x**3 - 4*x**2 - 2*x - 6. What is the remainder when k(5) is divided by j?
4
Let m = -576 - -665. What is the remainder when m is divided by 80?
9
Suppose -4*a - 2*a + 42 = 0. Let h(b) = b**2 - 4*b - 3. Let m be h(a). Let c = m + -10. Calculate the remainder when 29 is divided by c.
5
Let f(r) = r**2 + 4*r - 2. Let c be f(-5). Suppose -c*z - 20 + 134 = 0. Calculate the remainder when z is divided by 13.
12
Let m be ((-114)/(-8))/((-6)/(-8)). Let i = -16 + m. Suppose 73 + i = 4*w. Calculate the remainder when 75 is divided by w.
18
Suppose -2*z + 42 - 2 = 0. Let r be (-210)/(z/4)*1. Let w = -33 - r. What is the remainder when w is divided by 3?
0
Calculate the remainder when (356 - -19) + 8/(-1) is divided by 46.
45
Suppose -o + 3*o = 10. Let l(h) = h**2 + 20*h + 23. Let b be l(-16). Let s = -33 - b. What is the remainder when s is divided by o?
3
What is the remainder when 5 + 1 - (-4 + -44 + 8) is divided by 14?
4
Suppose 0 = -25*k + 12873 + 6052. What is the remainder when k is divided by 38?
35
Let j = -2233 + 2447. What is the remainder when j is divided by 54?
52
Let m(b) = 4*b - 60. Let y(t) = 7*t - 119. Let r = -5 - -10. Let u(a) = r*m(a) - 3*y(a). What is the remainder when u(0) is divided by 20?
17
Let n(q) = 149*q**3 + q*